 61. Determine q(-17).
41
Let w(f) = 3*f**3 - 22*f**2 + 5*f + 4. Calculate w(5).
-146
Let x(c) = c**3 + 46*c**2 + 127*c - 3. Give x(-3).
3
Let z(s) = -s**3 - 42*s**2 - 72*s + 307. Determine z(-40).
-13
Let z(t) = -11*t**2 + 1022*t + 105. What is z(93)?
12
Let m(b) = 78*b + 365. Determine m(-7).
-181
Let a(u) = -2*u**2 - 219*u - 2682. Calculate a(-14).
-8
Let j(d) = -3*d**2 - 371*d - 621. Determine j(-122).
-11
Let s(k) = -k**3 + 3*k**2 + 34*k + 10. Give s(8).
-38
Let l(j) = -4*j - 54. Determine l(-15).
6
Let i(j) = 2*j**3 - 210*j**2 - 3*j + 453. Calculate i(105).
138
Let g(z) = -z**2 - 75*z + 1458. Calculate g(16).
2
Let g(p) = -18*p - 210. Give g(-13).
24
Let p(w) = 3*w**3 - 68*w**2 - 24*w + 29. Give p(23).
6
Let z(k) = k**3 + 102*k**2 + 393*k - 6. What is z(-4)?
-10
Let c(f) = -f**2 + 13*f - 27. Determine c(7).
15
Let d(n) = n**2 - 13*n - 309. What is d(26)?
29
Let t(a) = -a**3 + 14*a**2 - 46*a + 2119. Calculate t(18).
-5
Let a(w) = -227*w + 2039. Calculate a(9).
-4
Let s(o) = -17*o + 93. What is s(8)?
-43
Let s(f) = -2*f**2 + 199*f + 301. What is s(101)?
-2
Let i(c) = 8*c**2 - 8. Determine i(-4).
120
Let q(w) = w**2 - 24*w - 2127. Determine q(60).
33
Let g(t) = -2*t**2 + 18*t + 276. Calculate g(21).
-228
Let h(u) = u**2 + 222*u + 859. Determine h(-4).
-13
Let l(d) = -298*d + 19666. Determine l(66).
-2
Let n(c) = -c**3 + 45*c**2 + 179*c + 817. Determine n(49).
-16
Let h(v) = -v**3 + 33*v**2 - 90*v - 47. Give h(30).
-47
Let o(v) = v**3 - 14*v**2 + 10*v - 116. Determine o(12).
-284
Let h(z) = 2*z**3 - 12*z**2 - 13*z + 20. Determine h(6).
-58
Let h(u) = -6*u**2 - 70*u - 15. Give h(-11).
29
Let s(r) = -r**2 + r + 87. What is s(11)?
-23
Let u(q) = -q**3 - 8*q**2 + 5*q + 40. Determine u(-5).
-60
Let c(t) = t**3 - 5*t**2 - 27*t - 15. What is c(-3)?
-6
Let s(c) = 110*c - 682. Calculate s(6).
-22
Let g(d) = -676*d - 1337. Determine g(-2).
15
Let d(o) = -5*o**3 - 32*o**2 - 23*o + 51. Give d(-5).
-9
Let u(s) = -14*s**3 - 13*s**2 + 201*s + 199. Give u(-1).
-1
Let o(d) = -125*d**2 + 19*d - 18. Calculate o(1).
-124
Let z(g) = 2*g**2 - 112*g + 80. Calculate z(53).
-238
Let a(h) = -17*h**2 - 120*h - 173. Calculate a(-5).
2
Let u(t) = 782*t - 1576. Determine u(2).
-12
Let f(m) = 5*m**2 - 24*m + 5. Give f(4).
-11
Let g(r) = 28*r**2 - 30*r - 27. Give g(4).
301
Let r(b) = 217*b**2 + 3007*b - 438. What is r(-14)?
-4
Let f(n) = n**2 - 33*n - 31. Give f(35).
39
Let w(r) = -269*r - 1115. What is w(-4)?
-39
Let h(b) = 3*b**2 + 299*b + 2358. What is h(-91)?
-8
Let k(z) = -z**2 - 1788*z - 12474. What is k(-7)?
-7
Let k(s) = 36*s - 4. Calculate k(3).
104
Let a(r) = 9*r**2 - 95*r + 56. Determine a(11).
100
Let h(w) = 2*w + 72. Give h(-11).
50
Let h(v) = 370*v - 1903. Give h(5).
-53
Let n(m) = -49*m - 1790. Give n(-32).
-222
Let g(c) = -11*c**3 - 141*c**2 + 23*c - 34. What is g(-13)?
5
Let b(o) = o**2 - 40*o + 285. What is b(20)?
-115
Let d(r) = 2*r + 17. Calculate d(30).
77
Let x(f) = f**2 - 182*f + 1061. Calculate x(6).
5
Let f(x) = x**3 - 11*x**2 + 11*x - 175. Give f(11).
-54
Let q(p) = -19*p**2 - 298*p + 41. Determine q(-16).
-55
Let m(g) = -66*g - 1288. Calculate m(-22).
164
Let z(x) = x**3 + 13*x**2 + 46*x + 29. Determine z(-6).
5
Let c(u) = -31*u - 92. Calculate c(-2).
-30
Let k(y) = -y**2 - 7*y - 23. What is k(15)?
-353
Let s(p) = -3*p**3 - 3*p**2 - 10*p - 26. What is s(-3)?
58
Let z(y) = -71*y**2 + 161*y - 11. Determine z(2).
27
Let v(w) = 120*w + 1347. What is v(-11)?
27
Let t(i) = -27*i + 390. What is t(14)?
12
Let r(w) = -4*w**2 - 23*w + 14. Determine r(8).
-426
Let q(n) = n**3 - 80*n**2 - 12. Give q(80).
-12
Let z(r) = -r**2 + 38*r + 125. Calculate z(-3).
2
Let k(z) = -15*z**2 + 27*z + 57. Give k(-2).
-57
Let z(h) = 2*h**2 + 223*h - 21267. Give z(-173).
12
Let i(h) = -3*h + 55. Give i(37).
-56
Let n(z) = 26*z**2 - 51*z + 50. What is n(1)?
25
Let t(c) = -25*c**2 + 177*c - 36. Calculate t(7).
-22
Let u(w) = w**3 - 14*w**2 - 13*w - 46. What is u(15)?
-16
Let i(d) = -d**3 + 24*d**2 - 47*d + 49. Calculate i(22).
-17
Let h(g) = -7*g**3 + 57*g**2 + 20*g + 295. What is h(9)?
-11
Let a(o) = -o**2 - 154*o + 1464. Give a(9).
-3
Let n(h) = 2*h**3 + 121*h**2 + 397*h - 136. Determine n(-57).
-22
Let j(n) = 182*n**2 + 547*n + 8. Give j(-3).
5
Let d(b) = -130*b**2 - 4*b - 4. Determine d(-1).
-130
Let i(r) = r**3 - r**2 - 9*r - 18. Calculate i(0).
-18
Let j(c) = 4*c**2 - 98*c + 457. Calculate j(5).
67
Let b(i) = i**3 + 81*i**2 + 1174*i - 84. Determine b(-62).
164
Let t(d) = -6*d**2 + 755*d - 21. What is t(126)?
-147
Let z(t) = -16*t - 323. What is z(-23)?
45
Let q(z) = -141*z - 1968. Calculate q(-14).
6
Let o(h) = -h**3 - 39*h**2 + 33*h - 247. Determine o(-40).
33
Let r(g) = g**3 - 14*g**2 + 27*g + 11. Give r(7).
-143
Let l(o) = 25*o**2 - 708*o + 228. Determine l(28).
4
Let o(w) = w**3 - 23*w**2 - 71*w - 27. Give o(-3).
-48
Let o(x) = -x**3 + 12*x**2 - 26*x + 18. Calculate o(8).
66
Let u(i) = -2*i**2 - 59*i - 334. Determine u(-21).
23
Let p(l) = -79*l + 4116. What is p(53)?
-71
Let h(i) = -3*i**2 + 293*i + 21177. Determine h(146).
7
Let i(u) = -11*u**2 - 31*u + 26. What is i(-5)?
-94
Let w(o) = -o**3 + 14*o**2 + 9*o + 169. Determine w(18).
-965
Let q(o) = -12*o - 410. Determine q(-36).
22
Let q(d) = -202*d - 81. Calculate q(-1).
121
Let g(i) = -29*i**2 - 1302*i + 146. Give g(-45).
11
Let w(s) = -8*s**2 + 804*s + 406. Give w(101).
2
Let s(p) = -2*p**2 - 54*p + 386. Determine s(6).
-10
Let i(b) = b**2 + 5998*b + 101675. Determine i(-17).
-2
Let k(w) = 319*w + 23919. Calculate k(-75).
-6
Let m(r) = r**3 + 13*r**2 + 43*r + 257. Calculate m(-11).
26
Let i(l) = 146*l - 110. Determine i(1).
36
Let b(o) = 184*o + 1281. What is b(-7)?
-7
Let r(s) = 1020*s - 18363. Give r(18).
-3
Let o(b) = -2173*b**2 - 21727*b + 13. Calculate o(-10).
-17
Let i(t) = -t**3 - 3*t**2 + 6*t. Determine i(7).
-448
Let o(c) = 293*c + 7438. What is o(-26)?
-180
Let c(j) = -6*j**2 - 371*j + 39. Give c(-62).
-23
Let c(n) = 13*n + 1304. Determine c(-100).
4
Let q(u) = 76*u**2 + 1675*u + 47. Give q(-22).
-19
Let h(j) = 3*j**2 + 5*j + 3. Give h(2).
25
Let s(p) = -p**3 + 8*p - 48. Give s(0).
-48
Let i(m) = m**3 - 20*m**2 + 25*m - 510. What is i(20)?
-10
Let n(r) = 2*r**3 - 14*r**2 + 44*r - 34. Determine n(3).
26
Let d(r) = -r**3 - 38*r**2 + 80*r + 3048. Calculate d(-38).
8
Let w(l) = -2*l**3 - 31*l**2 - 27*l - 47. What is w(-16)?
641
Let x(l) = -l**3 - l**2 - 107*l + 332. What is x(3)?
-25
Let g(m) = 28*m + 336. Determine g(-12).
0
Let q(w) = -829*w - 29012. Determine q(-35).
3
Let h(z) = -14*z**2 + 4*z - 3. Calculate h(-4).
-243
Let v(m) = -m**3 + 4*m**2 + 6*m + 3. What is v(6)?
-33
Let i(s) = 622*s + 26127. Calculate i(-42).
3
Let a(d) = d**3 - 6*d**2 - 17*d + 155. Give a(8).
147
Let x(q) = -501*q - 407. Give x(-2).
595
Let y(v) = -2*v**2 + 21*v + 339. Give y(24).
-309
Let g(y) = 2*y**2 - 2233*y - 29374. Give g(-13).
-7
Let m(i) = i**3 - 21*i**2 - 21*i + 566. What is m(21)?
125
Let p(i) = -i**3 + 18*i**2 + 86*i - 502. Calculate p(21).
-19
Let i(t) = 5*t**2 - 109*t - 10. What is i(0)?
-10
Let v(l) = -l**2 - 120*l - 1437. What is v(-106)?
47
Let s(x) = 2*x**3 + 5*x**2 + 4*x + 5. What is s(-2)?
1
Let l(q) = -99*q - 340. Give l(-4).
56
Let g(w) = -w**3 + 13*w**2 - 33*w - 14. Calculate g(5).
21
Let g(w) = w**2 + 48*w + 177. Calculate g(-7).
-110
Let o(a) = 13*a**2 - 20*a - 3. Determine o(5).
222
Let o(t) = 2*t**2 + 76*t - 137. What is o(-40)?
23
Let i(r) = 144*r + 700. What is i(-5)?
-20
Let r(y) = 8917*y + 115926. Determine r(-13).
5
Let z(g) = -g**2 - 74*g - 1042. Calculate z(-28).
246
Let y(z) = -133*z + 10369. Calculate y(78).
-5
Let m(z) = 2*z**3 + 161*z**2 + 409*z + 1479. Calculate m(-78).
-3
Let a(u) = -u**3 - 14*u**2 - 9*u + 264. Determine a(-11).
0
Let h(r) = 10*r - 470. Determine h(46).
-10
Let d(z) = -5*z**2 - 3*z + 9. Give d(2).
-17
Let i(u) = 96*u + 9599. Calculate i(-100).
-1
Let u(j) = 89*j**2 - 73*j + 27. Calculate u(1).
43
Let t(m) = -3*m**3 - 20*m**2 - 13*m - 28. What is t(-7)?
112
Let h(o) = -o**2 - 15*o + 410. Give h(-33).
-184
Let k(p) = p**2 - 83*p + 1284. Give k(64).
68
Let k(w) = 5*w**3 - 63*w**2 + 26*w + 131. Give k(12).
11
Let v(j) = -150*j**3 - 9*j**2 + 10*j + 2. Determine v(1).
-147
Let w(h) = 29*h + 80. Give w(-8).
-152
Let t(o) = -5*o**3 + 37*o**2 - 18*o + 1. What is t(7)?
-27
Let f(